er when -1*(6/3 - p) is divided by 13.
12
Let a(p) = 29*p**2. Let g be a(1). Suppose s - 4*t - g + 12 = 0, 0 = -5*s - 2*t + 41. Calculate the remainder when s is divided by 5.
4
Let r(z) be the second derivative of 9/2*z**2 + 0 - 4/3*z**3 - 1/20*z**5 - 3/4*z**4 + z. What is the remainder when 17 is divided by r(-8)?
8
Let z(p) = -10*p + 1. Suppose -20 = -4*g + 24. Calculate the remainder when z(-2) is divided by g.
10
Suppose -2*l = -6, 2*o = -3*o - 4*l + 67. Let v(f) = f - 1. Let w(z) = -9. Let t(j) = 6*v(j) - w(j). Calculate the remainder when t(3) is divided by o.
10
Suppose -x - c - 3*c + 24 = 0, -c = -5*x + 120. What is the remainder when x is divided by 14?
10
Suppose 2 - 6 = -p. Suppose -46 = -p*a + 2*a. What is the remainder when 44 is divided by a?
21
Suppose 140 = 4*t - 0*t. What is the remainder when 104 is divided by t?
34
Let m = 18 - 38. What is the remainder when 28 is divided by m/(-3)*15/10?
8
Let z(y) be the first derivative of y**4/4 - 7*y**3/3 + 3*y**2 + 8*y - 1. What is the remainder when 21 is divided by z(6)?
5
Let z(u) = -86*u**3 - u**2. Let a be z(-1). Suppose -3*r = 2*r - a. Calculate the remainder when 50 is divided by r.
16
Calculate the remainder when 18 is divided by (2/(-4))/(6/(-84)).
4
Let p(v) = -v**3 - 14*v**2 + 19*v - 11. What is the remainder when p(-16) is divided by 20?
17
Suppose 8*c + 0*c - 728 = 0. Calculate the remainder when c is divided by 23.
22
Let q = 3 + -6. Let v be (45 - 3/q) + -1. Suppose v = 2*a + 3*a. Calculate the remainder when 17 is divided by a.
8
Let t(z) = 10*z**3 + z - 4. What is the remainder when t(2) is divided by (-30)/(-18)*(-1 - -13)?
18
Suppose 7*q - 297 + 10 = 0. What is the remainder when q is divided by 14?
13
Let t(l) = -l**2 - 9*l + 11. Let w(h) = -h**2 - 7*h - 1. Let r be w(-8). Suppose -2*k + 5 = -7. What is the remainder when t(r) is divided by k?
5
Suppose -q = 2*d - 0*q - 12, 5*q = -2*d - 4. Calculate the remainder when 29 is divided by d.
5
Suppose 0 = -3*f + h + 116, 4*f + 5*h + 24 - 166 = 0. Suppose -2*q - z = -22, -4*q - 3*z + 38 = -4*z. What is the remainder when f is divided by q?
8
Let r be 4334/121 + 2/11. Calculate the remainder when 53 is divided by 254/9 - 8/r.
25
Let i(q) = -q**2 + 6*q - 3. Let n be i(5). Suppose -4*b - 2*a - 2 = 2, 3*a - 2 = n*b. What is the remainder when b + 0 - (-47 - 0) is divided by 16?
14
Let l(t) = -3 - 6*t + 0*t - t**2 - 4*t - 6. What is the remainder when 28 is divided by l(-6)?
13
Suppose -2*x + 5*x + 5*f = -11, 0 = -5*f - 20. Let q(w) = 4*w**2 + 2*w + 5*w**2 + x - 5*w**2 - 2*w**2. Calculate the remainder when 27 is divided by q(-2).
6
Let l(t) = -t**2 + 9*t. Suppose -3*m - 18 = -m. Let g = -2 - m. What is the remainder when l(4) is divided by g?
6
Suppose t - 27 = -5*c, 24*t - 28*t + 84 = -4*c. Suppose 5*o - 309 = -2*y + 4*y, -5*y + 204 = 3*o. Calculate the remainder when o is divided by t.
19
Let c(x) = x**2 - 2*x - 5. Suppose 3*z - 21 - 12 = 0. Calculate the remainder when c(7) is divided by z.
8
Suppose 3*y = -2*y + 130. Let c be ((-3)/6)/((-2)/(-8)). Calculate the remainder when 24 is divided by (-7 + 6)/(c/y).
11
Let j(a) = 2*a + 5. Let d be j(-7). Let k = d - -23. Calculate the remainder when -2 + 0 + 3 + k is divided by 8.
7
Suppose 0*w = -2*i + 4*w + 56, 5*i = 4*w + 152. Suppose 3*l - p - 5 = i, p - 35 = -3*l. Suppose 0*c - 44 = -2*c. What is the remainder when c is divided by l?
10
Let t(p) = 5*p + 10. Let d be t(-7). Let i = 0 - d. Let x = 45 + -32. Calculate the remainder when i is divided by x.
12
Suppose -4*o + 7 = -5. Let j be 1 + -1 - (o + -84). Suppose 228 = 3*y + j. Calculate the remainder when y is divided by 17.
15
Suppose -g + 5 = -5*t - 25, g = 3*t + 20. Let s(p) = 1 + p - p - 2*p. What is the remainder when s(-4) is divided by g?
4
Let j be (-136)/(-6) + 6/(-9). Calculate the remainder when (1/(-2))/((-2)/80) is divided by (j*1/2)/1.
9
Let g(f) = -f**2 - 10*f + 3. Let w be g(-9). Suppose 5*p - 4*p = w. What is the remainder when 46 is divided by p?
10
Suppose -140 = -6*x + 2*x. What is the remainder when x is divided by 9?
8
Let b(n) = n**2 + n + 3. Let j be b(-6). Let v be 26/(-7) - 2/7. Let q = j + v. What is the remainder when q is divided by 10?
9
Let u = 84 - -10. Calculate the remainder when u is divided by 48.
46
Let v be 79/(-7) - 10/(-35). Let k = 8 + v. Let z = k + 11. Calculate the remainder when 22 is divided by z.
6
Suppose 0 = -3*b - 9, -5*l = -0*l - 4*b - 87. Let i = -6 + l. What is the remainder when 25 is divided by i?
7
Suppose -16 - 24 = 2*a. Let p = -14 - a. Suppose -5*i - 44 = -7*i. Calculate the remainder when i is divided by p.
4
Let p(m) be the first derivative of -m**4/4 - m**3 - m**2/2 - 2*m + 2. Let q be p(-2). Calculate the remainder when 20 is divided by ((-22)/(-4))/((-2)/q).
9
Suppose -4*p + 3*k = -197, 31 - 263 = -5*p - k. Let t = -29 + p. Calculate the remainder when t is divided by 10.
8
Suppose -x + 5*f = -41, f - 32 - 17 = -2*x. Let y(u) = -52*u - 3. What is the remainder when y(-2) is divided by x?
23
Suppose 19 = x - 3. Calculate the remainder when 42 is divided by x.
20
Let a = 6 + -5. Let w = a + -1. Suppose w*n - 2*n + 40 = -5*d, -2*n + 12 = 2*d. Calculate the remainder when 28 is divided by n.
8
Let a be -6*(-1 - -3)/(-2). Let l(r) = -r**3 + 7*r**2 - 2*r - 2. Calculate the remainder when 42 is divided by l(a).
20
Suppose 0 = 2*k + 5*z - 26, 2*k - 21 = -3*z - 3. Calculate the remainder when 18 is divided by 1/(k/21) - -3.
8
Suppose 0 = -3*d + 4*n + 51, -d - 5*n = -0*d - 17. Suppose -d = -3*h - 44. Let q = h + 17. What is the remainder when 31 is divided by q?
7
Let u = 32 + -28. Calculate the remainder when u is divided by 2.
0
Let z be (3 + -20)*(2 - 1). Let k = z + 24. Calculate the remainder when 12 is divided by k.
5
Let b be (-3 + 45/12)*4. Suppose 4*r + 3*q + 16 = 56, 20 = 2*r - b*q. Calculate the remainder when 39 is divided by r.
9
Let r(w) = -w**3 + 3*w**2 + 7*w + 4. What is the remainder when 30 is divided by r(4)?
14
Let i(v) = -v**3 + 11*v**2 - 14*v + 11. What is the remainder when i(9) is divided by 8?
7
Suppose -3*z = -n - 3*n + 333, -3*n - 5*z = -228. Calculate the remainder when n is divided by 14.
11
Let t = -44 + 63. Suppose -g = 6 - t. Calculate the remainder when g is divided by 8.
5
Let y be ((-1)/(-2))/(4/32). Suppose 0*s - 4*t = y*s - 376, -s - 4*t + 100 = 0. Calculate the remainder when 52 is divided by s/5 - 10/25.
16
Suppose -3*b + b + 14 = 0. Let u = b + 8. Calculate the remainder when 27 is divided by u.
12
Let w = 46 + -24. Let f = -16 + w. What is the remainder when 16 is divided by f?
4
Suppose -1 + 23 = f. What is the remainder when 109 is divided by f?
21
Let m = 36 + -19. What is the remainder when 12*(-1)/((-6)/16) is divided by m?
15
Suppose 4*x - 80 = 2*x. Let z = x - 23. Suppose n - 33 = -g, 36 = g + 5*n - n. Calculate the remainder when g is divided by z.
15
Calculate the remainder when (12 - 99)*(-1)/3 is divided by 9.
2
Suppose 3*w - 23 = 5*r, 0 = -4*w - w + 2*r + 51. What is the remainder when 31 is divided by w?
9
Let l(f) = -14*f - 2. Let q(z) = z**2 + 4*z - 3. Let s be q(-4). Calculate the remainder when l(s) is divided by 14.
12
Let j(a) = -a**2 + 6*a + 5. What is the remainder when 59 is divided by j(5)?
9
Let x = 51 - 27. Calculate the remainder when 167 is divided by x.
23
Let m = -165 + 229. Calculate the remainder when m is divided by 14.
8
Let a(z) = 4*z - 9. Calculate the remainder when a(6) is divided by 2*-3*24/(-16).
6
Suppose 0 = 5*c + r - 65 - 904, 3*c = -2*r + 580. Suppose -c + 44 = -5*o + 5*g, 0 = -4*g - 8. What is the remainder when 83 is divided by o?
27
Let z(g) = -g**2 + 10*g - 3. Calculate the remainder when z(5) is divided by -9*6/(-9) - -2.
6
Let q be (-78)/(-15) - 1/5. Suppose -4*x + 58 = -q*c - 4, -4 = 2*c. What is the remainder when 50 is divided by x?
11
Let l(v) = 2*v - 11. Let q = 61 + -31. Calculate the remainder when q is divided by l(11).
8
Suppose p + 6 = 4*p. What is the remainder when (-1)/(p + 124/(-60)) is divided by 8?
7
Suppose -5*j + 125 = -25. Suppose 60 = 3*g + 4*z, -3*g = -5*z - 19 - 14. What is the remainder when j is divided by g?
14
Let r be 111*(-2)/(-4)*2. Suppose -2*f - 27 = -r. Suppose 0 = -5*d - 5*s + 35, -20 = -3*d + s + 17. Calculate the remainder when f is divided